{"id":415,"date":"2017-10-19T09:56:50","date_gmt":"2017-10-19T07:56:50","guid":{"rendered":"http:\/\/www.tanvitil.com\/?page_id=415"},"modified":"2018-04-19T12:07:23","modified_gmt":"2018-04-19T10:07:23","slug":"como-comprar","status":"publish","type":"page","link":"https:\/\/www.tanvitil.com\/fr\/ayuda\/como-comprar\/","title":{"rendered":"Maquillage vitiligo &#8211; Comment l\u2019acheter ?"},"content":{"rendered":"<p>[et_pb_section bb_built=\u00a0\u00bb1&Prime; inner_shadow=\u00a0\u00bbon\u00a0\u00bb make_equal=\u00a0\u00bbon\u00a0\u00bb specialty=\u00a0\u00bbon\u00a0\u00bb module_id=\u00a0\u00bbexContent\u00a0\u00bb _builder_version=\u00a0\u00bb3.0.82&Prime; custom_padding=\u00a0\u00bb54px|0px|52px|0px\u00a0\u00bb next_background_color=\u00a0\u00bbrgba(104,118,138,0.05)\u00a0\u00bb][et_pb_column type=\u00a0\u00bb2_3&Prime; specialty_columns=\u00a0\u00bb2&Prime;][et_pb_row_inner custom_padding=\u00a0\u00bb0px|0px|0px|0px\u00a0\u00bb module_class_1=\u00a0\u00bbexPage exText\u00a0\u00bb _builder_version=\u00a0\u00bb3.0.82&Prime;][et_pb_column_inner type=\u00a0\u00bb4_4&Prime; saved_specialty_column_type=\u00a0\u00bb2_3&Prime;][et_pb_text admin_label=\u00a0\u00bbText\u00a0\u00bb _builder_version=\u00a0\u00bb3.0.106&Prime; background_size=\u00a0\u00bbinitial\u00a0\u00bb background_position=\u00a0\u00bbtop_left\u00a0\u00bb background_repeat=\u00a0\u00bbrepeat\u00a0\u00bb background_layout=\u00a0\u00bblight\u00a0\u00bb]<\/p>\n<h1>Maquillage vitiligo. Comment l\u2019acheter?<\/h1>\n<p>Pour r\u00e9aliser vos achats, vous devez simplement ajouter le produit souhait\u00e9 \u00e0 votre panier, et continuer le processus d\u2019achat conform\u00e9ment aux \u00e9tapes que nous vous indiquerons :<\/p>\n<ol>\n<li>Ajoutez le produit souhait\u00e9 \u00e0 votre panier en cliquant sur le bouton \u00ab Ajouter au panier \u00bb.<\/li>\n<li>Quand vous aurez fini d\u2019ajouter les produits dans votre panier, cliquez sur le bouton \u00ab Finaliser achats \u00bb que vous trouverez sur la page de commande.<\/li>\n<li>Pour continuer le processus d\u2019achat vous devez nous communiquer vos informations de facturation. Si vous \u00eates d\u00e9j\u00e0 client chez nous, vous pouvez vous connecter en cliquant sur le lien \u00ab \u00cates-vous d\u00e9j\u00e0 client ? Cliquez ici pour y acc\u00e9der \u00bb. Il n\u2019est donc pas n\u00e9cessaire de fournir \u00e0 nouveau vos donn\u00e9es personnelles. S\u2019il s\u2019agit de votre premier achat, veuillez indiquer vos informations de facturation. Si les adresses de facturation et de livraison sont diff\u00e9rentes, vous devez nous communiquer \u00e9galement l\u2019adresse de livraison. C\u2019est ici que vous recevrez le produit.<\/li>\n<li>S\u00e9lectionnez le mode de paiement choisi.<\/li>\n<li>Et c\u2019est tout. Nous vous enverrons un email avec les d\u00e9tails de votre commande.<\/li>\n<\/ol>\n<p>[\/et_pb_text][\/et_pb_column_inner][\/et_pb_row_inner][\/et_pb_column][et_pb_column type=\u00a0\u00bb1_3&Prime;][et_pb_sidebar admin_label=\u00a0\u00bbBarra Ayuda\u00a0\u00bb area=\u00a0\u00bbet_pb_widget_area_4&Prime; show_border=\u00a0\u00bboff\u00a0\u00bb module_id=\u00a0\u00bbex_sidebar\u00a0\u00bb module_class=\u00a0\u00bbex_sidebar\u00a0\u00bb _builder_version=\u00a0\u00bb3.0.101&Prime; header_font=\u00a0\u00bb|||on|||||\u00a0\u00bb header_text_color=\u00a0\u00bb#ffffff\u00a0\u00bb body_font=\u00a0\u00bb|600|||||||\u00a0\u00bb body_font_size=\u00a0\u00bb15px\u00a0\u00bb body_text_color=\u00a0\u00bb#000000&Prime; body_line_height=\u00a0\u00bb2.4em\u00a0\u00bb background_color=\u00a0\u00bb#ffffff\u00a0\u00bb text_orientation=\u00a0\u00bbleft\u00a0\u00bb custom_margin=\u00a0\u00bb|||\u00a0\u00bb custom_padding=\u00a0\u00bb20px|20px|20px|20px\u00a0\u00bb saved_tabs=\u00a0\u00bball\u00a0\u00bb orientation=\u00a0\u00bbleft\u00a0\u00bb background_layout=\u00a0\u00bblight\u00a0\u00bb background_color_gradient_overlays_image=\u00a0\u00bboff\u00a0\u00bb global_module=\u00a0\u00bb825&Prime; \/][\/et_pb_column][\/et_pb_section][et_pb_section bb_built=\u00a0\u00bb1&Prime; admin_label=\u00a0\u00bbTanvitil gel y tanvitil spray\u00a0\u00bb background_color=\u00a0\u00bbrgba(104,118,138,0.05)\u00a0\u00bb _builder_version=\u00a0\u00bb3.0.106&Prime; prev_background_color=\u00a0\u00bb#ffffff\u00a0\u00bb global_module=\u00a0\u00bb1510&Prime;][et_pb_row global_parent=\u00a0\u00bb1510&Prime; custom_padding=\u00a0\u00bb|||\u00a0\u00bb make_equal=\u00a0\u00bbon\u00a0\u00bb background_color_1=\u00a0\u00bb#ffffff\u00a0\u00bb background_color_2=\u00a0\u00bb#ffffff\u00a0\u00bb background_color_3=\u00a0\u00bb#0078d7&Prime; padding_top_1=\u00a0\u00bb24px\u00a0\u00bb padding_right_1=\u00a0\u00bb24px\u00a0\u00bb padding_bottom_1=\u00a0\u00bb24px\u00a0\u00bb padding_left_1=\u00a0\u00bb24px\u00a0\u00bb padding_top_2=\u00a0\u00bb24px\u00a0\u00bb padding_right_2=\u00a0\u00bb24px\u00a0\u00bb padding_bottom_2=\u00a0\u00bb24px\u00a0\u00bb padding_left_2=\u00a0\u00bb24px\u00a0\u00bb padding_top_3=\u00a0\u00bb24px\u00a0\u00bb padding_right_3=\u00a0\u00bb24px\u00a0\u00bb padding_bottom_3=\u00a0\u00bb24px\u00a0\u00bb padding_left_3=\u00a0\u00bb24px\u00a0\u00bb _builder_version=\u00a0\u00bb3.0.101&Prime;][et_pb_column type=\u00a0\u00bb1_3&Prime;][et_pb_blurb global_parent=\u00a0\u00bb1510&Prime; title=\u00a0\u00bbTanvitil Spray\u00a0\u00bb url=\u00a0\u00bbhttps:\/\/www.tanvitil.com\/fr\/maquillaje-vitiligo\/tanvitil-spray\/\u00a0\u00bb image=\u00a0\u00bbhttps:\/\/www.tanvitil.com\/wp-content\/uploads\/2017\/10\/maquillaje-vitiligo-tanvitil-spray.jpg\u00a0\u00bb _builder_version=\u00a0\u00bb3.0.106&Prime; header_level=\u00a0\u00bbh2&Prime; body_text_align=\u00a0\u00bbcenter\u00a0\u00bb text_orientation=\u00a0\u00bbcenter\u00a0\u00bb url_new_window=\u00a0\u00bboff\u00a0\u00bb use_icon=\u00a0\u00bboff\u00a0\u00bb use_circle=\u00a0\u00bboff\u00a0\u00bb use_circle_border=\u00a0\u00bboff\u00a0\u00bb icon_placement=\u00a0\u00bbtop\u00a0\u00bb use_icon_font_size=\u00a0\u00bboff\u00a0\u00bb background_layout=\u00a0\u00bblight\u00a0\u00bb alt=\u00a0\u00bbTanvitil Spray, maquillaje tonalizador para las manchas de vitiligo\u00a0\u00bb \/][et_pb_button global_parent=\u00a0\u00bb1510&Prime; button_url=\u00a0\u00bbhttps:\/\/www.tanvitil.com\/fr\/maquillaje-vitiligo\/tanvitil-spray\/\u00a0\u00bb button_text=\u00a0\u00bbChoisissez la tonalit\u00e9 \u00a0\u00bb button_alignment=\u00a0\u00bbcenter\u00a0\u00bb _builder_version=\u00a0\u00bb3.0.106&Prime; url_new_window=\u00a0\u00bboff\u00a0\u00bb background_layout=\u00a0\u00bblight\u00a0\u00bb custom_button=\u00a0\u00bboff\u00a0\u00bb button_icon_placement=\u00a0\u00bbright\u00a0\u00bb \/][\/et_pb_column][et_pb_column type=\u00a0\u00bb1_3&Prime;][et_pb_blurb global_parent=\u00a0\u00bb1510&Prime; title=\u00a0\u00bbTanvitil Gel\u00a0\u00bb url=\u00a0\u00bbhttps:\/\/www.tanvitil.com\/fr\/maquillaje-vitiligo\/tanvitil-gel\/\u00a0\u00bb image=\u00a0\u00bbhttps:\/\/www.tanvitil.com\/wp-content\/uploads\/2017\/10\/maquillaje-vitiligo-tanvitil-gel.jpg\u00a0\u00bb _builder_version=\u00a0\u00bb3.0.106&Prime; header_level=\u00a0\u00bbh2&Prime; body_text_align=\u00a0\u00bbcenter\u00a0\u00bb text_orientation=\u00a0\u00bbcenter\u00a0\u00bb url_new_window=\u00a0\u00bboff\u00a0\u00bb use_icon=\u00a0\u00bboff\u00a0\u00bb use_circle=\u00a0\u00bboff\u00a0\u00bb use_circle_border=\u00a0\u00bboff\u00a0\u00bb icon_placement=\u00a0\u00bbtop\u00a0\u00bb use_icon_font_size=\u00a0\u00bboff\u00a0\u00bb background_layout=\u00a0\u00bblight\u00a0\u00bb alt=\u00a0\u00bbTanvitil Gel, maquillaje corrector para personas con vit\u00edligo \u00a0\u00bb \/][et_pb_button global_parent=\u00a0\u00bb1510&Prime; button_url=\u00a0\u00bbhttps:\/\/www.tanvitil.com\/fr\/maquillaje-vitiligo\/tanvitil-gel\/\u00a0\u00bb button_text=\u00a0\u00bbChoisissez la tonalit\u00e9 \u00a0\u00bb _builder_version=\u00a0\u00bb3.0.106&Prime; url_new_window=\u00a0\u00bboff\u00a0\u00bb background_layout=\u00a0\u00bblight\u00a0\u00bb custom_button=\u00a0\u00bboff\u00a0\u00bb button_icon_placement=\u00a0\u00bbright\u00a0\u00bb \/][\/et_pb_column][et_pb_column type=\u00a0\u00bb1_3&Prime;][et_pb_cta admin_label=\u00a0\u00bbHay un tanvitil para ti\u00a0\u00bb global_parent=\u00a0\u00bb1510&Prime; title=\u00a0\u00bbVoici un Tantivil pour vous\u2026\u00a0\u00bb _builder_version=\u00a0\u00bb3.0.106&Prime; header_level=\u00a0\u00bbh5&Prime; header_line_height=\u00a0\u00bb1.7em\u00a0\u00bb custom_padding=\u00a0\u00bb0px|0px|0px|0px\u00a0\u00bb url_new_window=\u00a0\u00bboff\u00a0\u00bb use_background_color=\u00a0\u00bbon\u00a0\u00bb background_layout=\u00a0\u00bbdark\u00a0\u00bb custom_button=\u00a0\u00bboff\u00a0\u00bb button_icon_placement=\u00a0\u00bbright\u00a0\u00bb header_font_size=\u00a0\u00bb30&Prime; header_text_color=\u00a0\u00bbrgba(255,255,255,0.8)\u00a0\u00bb body_text_color=\u00a0\u00bbrgba(255,255,255,0.8)\u00a0\u00bb]<\/p>\n<div class=\"spray\"><\/div>\n<h5>Choisissez entre un gel ou un spray<\/h5>\n<p>Tanvitil gel, recommand\u00e9 pour les taches petites.<br \/>\nTanvitil spray, recommand\u00e9 pour les zones plus vastes.<\/p>\n<div class=\"pantone\"><\/div>\n<h5>Choisissez la tonalit\u00e9 qui convient le mieux \u00e0 votre type de peau<\/h5>\n<p>Douce pour les peaux blanches, moyenne pour les phototypes interm\u00e9diaires, et forte pour les peaux plus fonc\u00e9es.<\/p>\n<p>[\/et_pb_cta][\/et_pb_column][\/et_pb_row][\/et_pb_section]<\/p>\n","protected":false},"excerpt":{"rendered":"<p>[et_pb_section bb_built=\u00a0\u00bb1&Prime; inner_shadow=\u00a0\u00bbon\u00a0\u00bb make_equal=\u00a0\u00bbon\u00a0\u00bb specialty=\u00a0\u00bbon\u00a0\u00bb module_id=\u00a0\u00bbexContent\u00a0\u00bb _builder_version=\u00a0\u00bb3.0.82&Prime; custom_padding=\u00a0\u00bb54px|0px|52px|0px\u00a0\u00bb next_background_color=\u00a0\u00bbrgba(104,118,138,0.05)\u00a0\u00bb][et_pb_column type=\u00a0\u00bb2_3&Prime; specialty_columns=\u00a0\u00bb2&Prime;][et_pb_row_inner custom_padding=\u00a0\u00bb0px|0px|0px|0px\u00a0\u00bb module_class_1=\u00a0\u00bbexPage exText\u00a0\u00bb _builder_version=\u00a0\u00bb3.0.82&Prime;][et_pb_column_inner type=\u00a0\u00bb4_4&Prime; saved_specialty_column_type=\u00a0\u00bb2_3&Prime;][et_pb_text admin_label=\u00a0\u00bbText\u00a0\u00bb _builder_version=\u00a0\u00bb3.0.106&Prime; background_size=\u00a0\u00bbinitial\u00a0\u00bb background_position=\u00a0\u00bbtop_left\u00a0\u00bb background_repeat=\u00a0\u00bbrepeat\u00a0\u00bb background_layout=\u00a0\u00bblight\u00a0\u00bb] Maquillage vitiligo. Comment l\u2019acheter? Pour r\u00e9aliser vos achats, vous devez simplement ajouter le produit souhait\u00e9 \u00e0 votre panier, et continuer le processus d\u2019achat conform\u00e9ment aux \u00e9tapes que nous vous indiquerons : Ajoutez [&hellip;]<\/p>\n","protected":false},"author":1,"featured_media":0,"parent":405,"menu_order":0,"comment_status":"closed","ping_status":"closed","template":"","meta":{"_et_pb_use_builder":"on","_et_pb_old_content":"","_et_gb_content_width":"","footnotes":""},"class_list":["post-415","page","type-page","status-publish","hentry"],"_links":{"self":[{"href":"https:\/\/www.tanvitil.com\/fr\/wp-json\/wp\/v2\/pages\/415","targetHints":{"allow":["GET"]}}],"collection":[{"href":"https:\/\/www.tanvitil.com\/fr\/wp-json\/wp\/v2\/pages"}],"about":[{"href":"https:\/\/www.tanvitil.com\/fr\/wp-json\/wp\/v2\/types\/page"}],"author":[{"embeddable":true,"href":"https:\/\/www.tanvitil.com\/fr\/wp-json\/wp\/v2\/users\/1"}],"replies":[{"embeddable":true,"href":"https:\/\/www.tanvitil.com\/fr\/wp-json\/wp\/v2\/comments?post=415"}],"version-history":[{"count":0,"href":"https:\/\/www.tanvitil.com\/fr\/wp-json\/wp\/v2\/pages\/415\/revisions"}],"up":[{"embeddable":true,"href":"https:\/\/www.tanvitil.com\/fr\/wp-json\/wp\/v2\/pages\/405"}],"wp:attachment":[{"href":"https:\/\/www.tanvitil.com\/fr\/wp-json\/wp\/v2\/media?parent=415"}],"curies":[{"name":"wp","href":"https:\/\/api.w.org\/{rel}","templated":true}]}}

<p>[et_pb_section bb_built= »1&Prime; inner_shadow= »on » make_equal= »on » specialty= »on » module_id= »exContent » _builder_version= »3.0.82&Prime; custom_padding= »54px|0px|52px|0px » next_background_color= »rgba(104,118,138,0.05) »][et_pb_column type= »2_3&Prime; specialty_columns= »2&Prime;][et_pb_row_inner custom_padding= »0px|0px|0px|0px » module_class_1= »exPage exText » _builder_version= »3.0.82&Prime;][et_pb_column_inner type= »4_4&Prime; saved_specialty_column_type= »2_3&Prime;][et_pb_text admin_label= »Text » _builder_version= »3.0.106&Prime; background_size= »initial » background_position= »top_left » background_repeat= »repeat » background_layout= »light »]</p>
<h1>Maquillage vitiligo. Comment l’acheter?</h1>
<p>Pour réaliser vos achats, vous devez simplement ajouter le produit souhaité à votre panier, et continuer le processus d’achat conformément aux étapes que nous vous indiquerons :</p>
<ol>
<li>Ajoutez le produit souhaité à votre panier en cliquant sur le bouton « Ajouter au panier ».</li>
<li>Quand vous aurez fini d’ajouter les produits dans votre panier, cliquez sur le bouton « Finaliser achats » que vous trouverez sur la page de commande.</li>
<li>Pour continuer le processus d’achat vous devez nous communiquer vos informations de facturation. Si vous êtes déjà client chez nous, vous pouvez vous connecter en cliquant sur le lien « Êtes-vous déjà client ? Cliquez ici pour y accéder ». Il n’est donc pas nécessaire de fournir à nouveau vos données personnelles. S’il s’agit de votre premier achat, veuillez indiquer vos informations de facturation. Si les adresses de facturation et de livraison sont différentes, vous devez nous communiquer également l’adresse de livraison. C’est ici que vous recevrez le produit.</li>
<li>Sélectionnez le mode de paiement choisi.</li>
<li>Et c’est tout. Nous vous enverrons un email avec les détails de votre commande.</li>
</ol>
<p>[/et_pb_text][/et_pb_column_inner][/et_pb_row_inner][/et_pb_column][et_pb_column type= »1_3&Prime;][et_pb_sidebar admin_label= »Barra Ayuda » area= »et_pb_widget_area_4&Prime; show_border= »off » module_id= »ex_sidebar » module_class= »ex_sidebar » _builder_version= »3.0.101&Prime; header_font= »|||on||||| » header_text_color= »#ffffff » body_font= »|600||||||| » body_font_size= »15px » body_text_color= »#000000&Prime; body_line_height= »2.4em » background_color= »#ffffff » text_orientation= »left » custom_margin= »||| » custom_padding= »20px|20px|20px|20px » saved_tabs= »all » orientation= »left » background_layout= »light » background_color_gradient_overlays_image= »off » global_module= »825&Prime; /][/et_pb_column][/et_pb_section][et_pb_section bb_built= »1&Prime; admin_label= »Tanvitil gel y tanvitil spray » background_color= »rgba(104,118,138,0.05) » _builder_version= »3.0.106&Prime; prev_background_color= »#ffffff » global_module= »1510&Prime;][et_pb_row global_parent= »1510&Prime; custom_padding= »||| » make_equal= »on » background_color_1= »#ffffff » background_color_2= »#ffffff » background_color_3= »#0078d7&Prime; padding_top_1= »24px » padding_right_1= »24px » padding_bottom_1= »24px » padding_left_1= »24px » padding_top_2= »24px » padding_right_2= »24px » padding_bottom_2= »24px » padding_left_2= »24px » padding_top_3= »24px » padding_right_3= »24px » padding_bottom_3= »24px » padding_left_3= »24px » _builder_version= »3.0.101&Prime;][et_pb_column type= »1_3&Prime;][et_pb_blurb global_parent= »1510&Prime; title= »Tanvitil Spray » url= »https://www.tanvitil.com/fr/maquillaje-vitiligo/tanvitil-spray/ » image= »https://www.tanvitil.com/wp-content/uploads/2017/10/maquillaje-vitiligo-tanvitil-spray.jpg » _builder_version= »3.0.106&Prime; header_level= »h2&Prime; body_text_align= »center » text_orientation= »center » url_new_window= »off » use_icon= »off » use_circle= »off » use_circle_border= »off » icon_placement= »top » use_icon_font_size= »off » background_layout= »light » alt= »Tanvitil Spray, maquillaje tonalizador para las manchas de vitiligo » /][et_pb_button global_parent= »1510&Prime; button_url= »https://www.tanvitil.com/fr/maquillaje-vitiligo/tanvitil-spray/ » button_text= »Choisissez la tonalité  » button_alignment= »center » _builder_version= »3.0.106&Prime; url_new_window= »off » background_layout= »light » custom_button= »off » button_icon_placement= »right » /][/et_pb_column][et_pb_column type= »1_3&Prime;][et_pb_blurb global_parent= »1510&Prime; title= »Tanvitil Gel » url= »https://www.tanvitil.com/fr/maquillaje-vitiligo/tanvitil-gel/ » image= »https://www.tanvitil.com/wp-content/uploads/2017/10/maquillaje-vitiligo-tanvitil-gel.jpg » _builder_version= »3.0.106&Prime; header_level= »h2&Prime; body_text_align= »center » text_orientation= »center » url_new_window= »off » use_icon= »off » use_circle= »off » use_circle_border= »off » icon_placement= »top » use_icon_font_size= »off » background_layout= »light » alt= »Tanvitil Gel, maquillaje corrector para personas con vitíligo  » /][et_pb_button global_parent= »1510&Prime; button_url= »https://www.tanvitil.com/fr/maquillaje-vitiligo/tanvitil-gel/ » button_text= »Choisissez la tonalité  » _builder_version= »3.0.106&Prime; url_new_window= »off » background_layout= »light » custom_button= »off » button_icon_placement= »right » /][/et_pb_column][et_pb_column type= »1_3&Prime;][et_pb_cta admin_label= »Hay un tanvitil para ti » global_parent= »1510&Prime; title= »Voici un Tantivil pour vous… » _builder_version= »3.0.106&Prime; header_level= »h5&Prime; header_line_height= »1.7em » custom_padding= »0px|0px|0px|0px » url_new_window= »off » use_background_color= »on » background_layout= »dark » custom_button= »off » button_icon_placement= »right » header_font_size= »30&Prime; header_text_color= »rgba(255,255,255,0.8) » body_text_color= »rgba(255,255,255,0.8) »]</p>
<div class="spray"></div>
<h5>Choisissez entre un gel ou un spray</h5>
<p>Tanvitil gel, recommandé pour les taches petites.<br />
Tanvitil spray, recommandé pour les zones plus vastes.</p>
<div class="pantone"></div>
<h5>Choisissez la tonalité qui convient le mieux à votre type de peau</h5>
<p>Douce pour les peaux blanches, moyenne pour les phototypes intermédiaires, et forte pour les peaux plus foncées.</p>
<p>[/et_pb_cta][/et_pb_column][/et_pb_row][/et_pb_section]</p>

<p>[et_pb_section bb_built= »1&Prime; inner_shadow= »on » make_equal= »on » specialty= »on » module_id= »exContent » _builder_version= »3.0.82&Prime; custom_padding= »54px|0px|52px|0px » next_background_color= »rgba(104,118,138,0.05) »][et_pb_column type= »2_3&Prime; specialty_columns= »2&Prime;][et_pb_row_inner custom_padding= »0px|0px|0px|0px » module_class_1= »exPage exText » _builder_version= »3.0.82&Prime;][et_pb_column_inner type= »4_4&Prime; saved_specialty_column_type= »2_3&Prime;][et_pb_text admin_label= »Text » _builder_version= »3.0.106&Prime; background_size= »initial » background_position= »top_left » background_repeat= »repeat » background_layout= »light »] Maquillage vitiligo. Comment l’acheter? Pour réaliser vos achats, vous devez simplement ajouter le produit souhaité à votre panier, et continuer le processus d’achat conformément aux étapes que nous vous indiquerons : Ajoutez [&hellip;]</p>
